6522.
713
Calculate the remainder when 442127 is divided by 1579.
7
Calculate the remainder when 799727 is divided by 302.
31
What is the remainder when 637637 is divided by 41?
5
What is the remainder when 764363 is divided by 1395?
1298
What is the remainder when 32643525 is divided by 16321743?
39
What is the remainder when 99375005 is divided by 519?
518
What is the remainder when 2025141 is divided by 972?
465
Calculate the remainder when 776913 is divided by 111.
24
Calculate the remainder when 240308468 is divided by 29.
26
What is the remainder when 127602 is divided by 112?
34
Calculate the remainder when 1616891 is divided by 420.
311
Calculate the remainder when 39146783 is divided by 83.
82
What is the remainder when 1009743 is divided by 3961?
3649
Calculate the remainder when 103664986 is divided by 108.
106
What is the remainder when 178660 is divided by 89321?
18
What is the remainder when 1720173 is divided by 571?
321
What is the remainder when 289839 is divided by 12075?
39
Calculate the remainder when 68262664 is divided by 296794.
44
What is the remainder when 158911 is divided by 15879?
121
Calculate the remainder when 548734 is divided by 191.
182
Calculate the remainder when 79763994 is divided by 41.
11
Calculate the remainder when 85039303 is divided by 138.
115
What is the remainder when 22441782 is divided by 298?
296
Calculate the remainder when 252400 is divided by 2740.
320
Calculate the remainder when 584785 is divided by 215.
200
Calculate the remainder when 176929 is divided by 78.
25
Calculate the remainder when 59424033 is divided by 51.
6
What is the remainder when 14457 is divided by 419?
211
What is the remainder when 280412 is divided by 8246?
48
What is the remainder when 50332097 is divided by 2541?
2510
What is the remainder when 91364944 is divided by 7?
6
What is the remainder when 1449091 is divided by 482962?
205
What is the remainder when 59834 is divided by 9882?
542
Calculate the remainder when 1871413 is divided by 18714.
13
What is the remainder when 9191679 is divided by 8696?
7
What is the remainder when 184459 is divided by 1310?
1059
What is the remainder when 10270422 is divided by 248?
246
Calculate the remainder when 598067788 is divided by 610.
608
What is the remainder when 2971359 is divided by 70?
69
What is the remainder when 895321 is divided by 1846?
11
Calculate the remainder when 616808 is divided by 1946.
1872
Calculate the remainder when 87927989 is divided by 45.
14
What is the remainder when 306867 is divided by 39?
15
What is the remainder when 22203389 is divided by 14?
5
What is the remainder when 7500579 is divided by 197383?
25
Calculate the remainder when 60095269 is divided by 1566.
19
Calculate the remainder when 8871035 is divided by 11.
8
What is the remainder when 15581 is divided by 155?
81
What is the remainder when 43484 is divided by 1624?
1260
Calculate the remainder when 14005680 is divided by 4916.
4912
What is the remainder when 15539001 is divided by 759?
753
What is the remainder when 24600447 is divided by 93?
87
What is the remainder when 849117 is divided by 565?
487
Calculate the remainder when 934851 is divided by 934845.
6
What is the remainder when 8563776 is divided by 147?
144
Calculate the remainder when 1739239 is divided by 121.
106
Calculate the remainder when 12164010 is divided by 12163859.
151
What is the remainder when 111907 is divided by 18483?
1009
What is the remainder when 290884 is divided by 184?
164
What is the remainder when 1779912957 is divided by 2576?
2573
Calculate the remainder when 19061362 is divided by 1906133.
32
What is the remainder when 230704 is divided by 76865?
109
What is the remainder when 777366 is divided by 225?
216
Calculate the remainder when 483047 is divided by 481982.
1065
What is the remainder when 2319092 is divided by 3441?
3299
What is the remainder when 36808 is divided by 7?
2
Calculate the remainder when 16628 is divided by 14891.
1737
What is the remainder when 122303354 is divided by 2183988?
26
Calculate the remainder when 525644 is divided by 262815.
14
What is the remainder when 425527 is divided by 35460?
7
What is the remainder when 7493451 is divided by 341?
317
What is the remainder when 852729 is divided by 284239?
12
What is the remainder when 2182613 is divided by 1135?
8
Calculate the remainder when 676339 is divided by 225379.
202
Calculate the remainder when 262498 is divided by 21870.
58
What is the remainder when 73296 is divided by 36546?
204
What is the remainder when 420992 is divided by 69973?
1154
Calculate the remainder when 434840 is divided by 344.
24
What is the remainder when 2170803 is divided by 723493?
324
Calculate the remainder when 2189982 is divided by 8111.
12
Calculate the remainder when 263310730 is divided by 24.
10
What is the remainder when 95300 is divided by 6347?
95
What is the remainder when 1992950 is divided by 61?
19
Calculate the remainder when 73015844 is divided by 1654.
14
Calculate the remainder when 164887 is divided by 54536.
1279
Calculate the remainder when 160253 is divided by 79549.
1155
What is the remainder when 843355 is divided by 80?
75
Calculate the remainder when 54489 is divided by 3868.
337
Calculate the remainder when 281167771 is divided by 25.
21
Calculate the remainder when 16525267 is divided by 1432.
1419
What is the remainder when 39996809 is divided by 1481363?
8
What is the remainder when 310855 is divided by 3843?
3415
What is the remainder when 205254 is divided by 7473?
3483
Calculate the remainder when 2434267 is divided by 304282.
11
What is the remainder when 58691 is divided by 1582?
157
Calculate the remainder when 131236689 is divided by 13123668.
9
Calculate the remainder when 4682824 is divided by 104.
16
What is the remainder when 6414134 is divided by 35?
34
What is the remainder when 10157311 is divided by 634831?
15
Calculate the remainder when 212245 is divided by 2433.
574
Calculate the remainder when 9403116 is divided by 57.
54
Calculate the remainder when 3317310 is divided by 109.
4
What is the remainder when 2735012 is divided by 313?
18
Calculate the remainder when 70244656 is divided by 891.
889
What is the remainder when 679126534 is divided by 12?
10
Calculate the remainder when 4767095 is divided by 433371.
14
What is the remainder when 1650479 is divided by 97087?
0
Calculate the remainder when 2869327 is divided by 717276.
223
Calculate the remainder when 32350934 is divided by 2012.
1998
What is the remainder when 168876 is divided by 150?
126
Calculate the remainder when 3582059 is divided by 1929.
1835
Calculate the remainder when 60151 is divided by 59.
30
Calculate the remainder when 400270 is divided by 1111.
310
Calculate the remainder when 984178 is divided by 87.
34
Calculate the remainder when 88549 is divided by 22097.
161
Calculate the remainder when 754368 is divided by 425.
418
What is the remainder when 771118 is divided by 521?
38
Calculate the remainder when 9148894 is divided by 335.
44
Calculate the remainder when 49662017 is divided by 1128682.
9
Calculate the remainder when 11612516 is divided by 565.
71
What is the remainder when 352652 is divided by 1818?
1778
What is the remainder when 507369 is divided by 875?
744
Calculate the remainder when 38685536 is divided by 733.
728
What is the remainder when 477127 is divided by 1233?
1189
Calculate the remainder when 1535739 is divided by 51191.
9
What is the remainder when 1214698 is divided by 181?
7
What is the remainder when 683852 is divided by 341814?
224
What is the remainder when 125842 is divided by 210?
52
What is the remainder when 39290279 is divided by 97013?
14
What is the remainder when 8584794 is divided by 765?
729
Calculate the remainder when 11322042 is divided by 2697.
36
What is the remainder when 781361 is divided by 471?
443
Calculate the remainder when 770876663 is divided by 29.
26
Calculate the remainder when 435075 is divided by 3957.
3762
Calculate the remainder when 60489 is divided by 3403.
2638
What is the remainder when 569946 is divided by 6037?
2468
What is the remainder when 1078835 is divided by 539360?
115
Calculate the remainder when 46468231 is divided by 121011.
7
Calculate the r